- g - 5. Let y(r) = -4*h(r) + 5*w(r). Suppose 4*n = 3 + 1. What are the prime factors of y(n)?
2, 3
Let s = -10 + 19. Suppose 2*c = 3*m + s + 13, 16 = -4*m. Let a(d) = 9*d + 9. What are the prime factors of a(c)?
2, 3
Let b(n) = n**3 - 22*n**2 - 43*n + 60. Let x be b(24). What are the prime factors of ((-11)/3 + -1)*x/(-24)?
5, 7
What are the prime factors of (-2 - -792) + (-1 - (-3 - 1))?
13, 61
Suppose 2*a - 10 - 2 = 4*h, 3*a - 9 = -3*h. Suppose -a*i = -210 - 226. What are the prime factors of i?
109
Let u(j) = -13*j**2 + 15*j - 20. Let k(h) = 3*h**2 - 4*h + 5. Let c(o) = -9*k(o) - 2*u(o). Let a be 1 + (-2)/(4/(-6)). What are the prime factors of c(a)?
3
Let v(n) = n. Let x be v(2). Suppose -x*t = -3*t + 2. What are the prime factors of 2/((-3)/((-81)/t))?
3
Let p(w) = -w**2 - 12*w - 9. Let i be p(-8). Suppose -19 - i = 3*l. Let u = 39 + l. List the prime factors of u.
5
Suppose -33 - 73 = -2*j. Let p = 32 + -26. Suppose -p*f = -j - 97. What are the prime factors of f?
5
Let z be 4/(-6) + (-1045)/(-15). List the prime factors of z/((-2)/(12/(-9))).
2, 23
Let l(y) = 15*y**2 - 5 - 22*y**2 - y + 16*y**2. List the prime factors of l(-3).
79
Let n = 922 - 380. List the prime factors of n.
2, 271
Suppose -170*v = -194*v + 89544. List the prime factors of v.
7, 13, 41
Suppose 2 - 16 = -2*i. Let b be (i/14)/((-2)/(-20)). Suppose b*k = 4*k + 11. What are the prime factors of k?
11
Let g be (-2 - (-17)/4)/(4/16). What are the prime factors of ((-140)/(-6))/((-1)/g*-3)?
2, 5, 7
Suppose -862 = 3*p - j - 2597, -4*j + 561 = p. What are the prime factors of p?
577
Let s = -10 + 2. Let u be -6*(s/6)/4. Suppose -u*f = -60 - 18. What are the prime factors of f?
3, 13
Let s(g) = -97*g + 151. List the prime factors of s(-4).
7, 11
What are the prime factors of 2/(2 - 1/((-7710)/(-15416)))?
3, 5, 257
Let x be (-2)/(-2)*2 - -1. Suppose 4 - 7 = -l. Suppose 54 = x*k + l*k. List the prime factors of k.
3
Suppose -44*b - 28488 = -56*b. List the prime factors of b.
2, 1187
Let u = -122 + 414. What are the prime factors of u?
2, 73
Let c(m) = 10*m**2 + 4*m + 2. Let o be c(-4). Let b = 355 - o. What are the prime factors of b?
11, 19
Let h(i) = 25*i - 12. Let m be h(5). Suppose -3*a + m = 23. What are the prime factors of ((-160)/a)/((-1)/6)?
2
Let j(p) = -12*p + p**2 + 8 + 6*p + 5*p. What are the prime factors of j(-8)?
2, 5
Let n(q) = -26*q - 16. Suppose 6*g - 2*p = 2*g - 20, -3*p = 3*g - 3. List the prime factors of n(g).
2, 31
Let c(z) = -z**3 - 4*z**2 + 3*z - 10. Let b be c(-5). Suppose 2*i - 108 - 38 = b. What are the prime factors of i?
73
Let y(j) be the second derivative of -1/20*j**5 - 13/2*j**2 - 7/12*j**4 - 2*j + 0 - 3/2*j**3. What are the prime factors of y(-6)?
5
Suppose 1621 = 4*s + 405. Suppose 12*a - s = 8*a. What are the prime factors of a?
2, 19
Suppose -5*l - 10*t + 11*t = -14668, 2*t + 5864 = 2*l. List the prime factors of l.
2, 3, 163
Suppose 2*c = 0, 2*p = 3*p - 2*c - 861. What are the prime factors of p?
3, 7, 41
What are the prime factors of (4 - (-168)/(-9))/(4/(-174))?
2, 11, 29
Suppose 0 = -5*a - 3*z + 3143, -3*a - 2*z = -578 - 1308. List the prime factors of a.
2, 157
List the prime factors of 25565*(3/4 + 88/(-160)).
5113
Let u be 3/((-5)/(10/3)). Let x(a) = 17*a**2 + a + 2. List the prime factors of x(u).
2, 17
Let t(h) = -h + 1. Let k(z) be the first derivative of z**4/4 + 8*z**3/3 + 4*z**2 - z + 5. Let j(c) = -k(c) + 2*t(c). List the prime factors of j(-7).
2, 3
Suppose y - 4*y = 54. List the prime factors of ((-8)/(-4) - y)*1.
2, 5
Let m = -1 - -5. What are the prime factors of m/6*(-17 + 113)?
2
Suppose 3*p = 4*p - q - 159, -5*q + 745 = 5*p. List the prime factors of p.
2, 7, 11
Let g = 1801 - 937. What are the prime factors of (g/40 - 0) + (-4)/(-10)?
2, 11
Let d be ((-3)/5)/(21/(-70)). Suppose d*u = -5*y + 126, 5*y - 3*u - 58 - 78 = 0. List the prime factors of y.
2, 13
Let a = 355 + 1601. List the prime factors of a.
2, 3, 163
Let r = 2 - 0. Suppose 74 + 2 = r*i. List the prime factors of i.
2, 19
Let o be 31/(-5) + 1/5. Let i be 138/9 - o/9. What are the prime factors of 8*i/((-12)/(-3))?
2
Let z(c) = 31*c**2 + 6*c + 9. List the prime factors of z(7).
2, 5, 157
Suppose -5*b - 2*d = -6582 - 2892, 0 = 2*b + 5*d - 3777. What are the prime factors of b?
2, 3, 79
Let a(t) = 7*t. Let q be a(2). Let c = q - 17. List the prime factors of -1*2*-15 + c.
3
Let i(p) = -3*p - 1. Let b be i(-1). Suppose b*o + 4 = 4*o. Suppose -o*d - 5*v = -8, -d - 2*v + 6 = 1. List the prime factors of d.
3
Let p = -72 + 121. Suppose -p + 193 = 9*z. List the prime factors of z.
2
Let a = -34 + 26. Let j(f) = -f**2 - 7*f + 11. What are the prime factors of j(a)?
3
Let c(i) = 38*i + 27. List the prime factors of c(10).
11, 37
Let l(d) = -d + 4. Let q be l(3). Let b be (0*2/4)/q. List the prime factors of (-1 - 0) + b + 14.
13
Let a = 93 + -53. Let w = 115 - a. List the prime factors of w.
3, 5
What are the prime factors of ((-18714)/(-27))/((-70)/(-315))?
3119
Let s = 14 - 191. Let k = s + 318. What are the prime factors of k?
3, 47
Suppose -1424 = 27*c - 29*c. List the prime factors of c.
2, 89
Let q = -630 - -1089. What are the prime factors of q?
3, 17
Suppose -5*n + 75 = -3*f + 210, -4*f = 3*n + 52. Let u = n + 28. Suppose -u*g + 3*s + 107 = 0, -2*s + 50 = 3*g - 43. What are the prime factors of g?
29
Let w = -115 - -178. Suppose 0 = -61*l + w*l - 302. List the prime factors of l.
151
Let l(h) = -h + 16. Let c be l(7). Suppose 105 = 4*k + c. Let y = 1 + k. What are the prime factors of y?
5
Let u(a) be the second derivative of -4*a**4/3 - a**3/6 + 3*a**2 + 4*a. Let o be u(2). Let j = -34 - o. What are the prime factors of j?
2, 13
Suppose 0*z = -5*z + 15. Let v(i) = 3*i + 2*i + 3*i**2 + i**z - 8*i**2. List the prime factors of v(5).
5
Let g = -1431 + 2898. What are the prime factors of g?
3, 163
Let i = 22 - 12. Suppose 3*p - 5*l = -2*p - i, p = -5*l + 22. Suppose a = 4*a + 3*t - 114, -p*a + 56 = -3*t. List the prime factors of a.
2, 17
Let m = 85 - 79. Suppose -m*s + 311 = -535. What are the prime factors of s?
3, 47
Suppose -297 = -3*y - 3*t + 2589, -4*y + 3*t + 3876 = 0. List the prime factors of y.
2, 3, 7, 23
Suppose b - 2*k - 2 = 17, -5*b = 3*k - 134. Suppose b*i - 31*i = -1284. List the prime factors of i.
2, 107
Let g = -79 - -78. List the prime factors of 142 + (2 - g*(2 + -2)).
2, 3
Let z be (-2)/((-10)/15*(-9)/(-291)). Let n = z + -81. What are the prime factors of n?
2
Let c be (-3)/(-2*5/60). Let i = 23 - c. Suppose i*x - 210 = 3*w, -4*w + 98 = 5*x - 112. What are the prime factors of x?
2, 3, 7
Let o = 42 + -25. Suppose -6*m + m = -5*j + 5, 3*j = -2*m - o. What are the prime factors of (j/(-5))/(1/35)?
3, 7
Let n(p) = -84*p + 63. What are the prime factors of n(-28)?
3, 5, 7, 23
Let k = 7 + -8. Let o be 17 + -1*1/k. Let s = -4 + o. List the prime factors of s.
2, 7
Let n be (-6)/36 + 746/12. Let x(z) = -2*z - 9. Let q be x(-6). Suppose 2*s = r - q*r + n, 4*s = r - 51. What are the prime factors of r?
5, 7
Let m(p) = 5*p**2 + 61*p + 64. List the prime factors of m(-25).
2, 13
Suppose 5*s - v = 773, -4*v + 142 = 15*s - 14*s. What are the prime factors of s?
2, 7, 11
Let x(h) = 1143*h**2 + 5*h - 13. List the prime factors of x(2).
3, 1523
Let h(o) = 4*o**2 + 5*o - 8. Let f be h(6). Suppose -13 = 5*m + 12, 2*b - 4*m = f. What are the prime factors of b?
73
Let a be -2*(-1)/((-4)/6). Let z(h) = -8*h**3 + 6*h - 2. What are the prime factors of z(a)?
2, 7
List the prime factors of -3*3/(-9)*683 - 0.
683
Suppose -10*o - 356 = -1886. List the prime factors of o.
3, 17
List the prime factors of (-241)/3*((-4 - 6) + 4).
2, 241
Let b = 6 + -8. Let o be 1 - (b - -4)*-2. Suppose -30 = -5*r - o*p, 3*r - r = 4*p + 12. List the prime factors of r.
2, 3
Let x be 3/(-2)*(-4)/6. Let t be (1 - x)*4/8. Suppose -3*j - 4*n = -28, 3*j - 5*n - 11 - 8 = t. List the prime factors of j.
2
Suppose 0 = 34*g - 939 - 1509. What are the prime factors of g?
2, 3
Let a(r) = r**3 + 7*r**2 - 9*r - 3. Suppose 0*b + 2*b + 16 = 0. Let t be a(b). Suppose -62 = -t*i + 63. List the prime factors of i.
5
Suppose 3*a = 2*z + 1901, -3*a - 4*z + 59 + 1854 = 0. Suppose 6*c = c + a. List the prime factors of c.
127
Suppose -11*m + 15*m - 1830 = -5*r, 2*m = -5*r + 1830. What are the prime fa